te the remainder when x is divided by o.
0
Suppose 3*t - t = 6. What is the remainder when (-3)/1 - 14*-1 is divided by t?
2
Let x(l) be the first derivative of 5*l - 5 + 7/2*l**2 + 1/3*l**3. Calculate the remainder when 19 is divided by x(-7).
4
What is the remainder when 25 is divided by -4 - (-8)/(-12)*-27?
11
Suppose 0 = -5*p + 1 - 11. Let z = 1 - p. Calculate the remainder when 7 is divided by z.
1
Let v(t) = t**2 + 4*t. Let f be 1/((-1)/(-13)*-1). Let o = 8 + f. What is the remainder when v(o) is divided by 3?
2
Let s be 1*-1*(4 + -3). Let h be 24 - ((-1)/1 + s). Suppose -32 - h = -5*f - 4*t, 2 = f - 4*t. Calculate the remainder when 27 is divided by f.
7
Let y = 12 - 2. Suppose -3*l - 4*l = -42. What is the remainder when y is divided by l?
4
Let y(q) = 7*q**2 - 4*q. Suppose 2 = -5*r + 17. What is the remainder when y(r) is divided by 13?
12
Let t be -10*(-1)/6*3. Suppose -4 + 14 = t*n. Calculate the remainder when 16 is divided by -3*(0 + -5 + n).
7
Let r(l) = -l**3 + 5*l**2 - l - 2. Let t(j) = j**2 + 3*j. Let k be t(-3). Let w = 4 + k. Calculate the remainder when r(3) is divided by w.
1
Suppose -2*l - 11 = -j, 3*l - 8*l - 34 = 4*j. What is the remainder when 5 is divided by 16/12*l/(-4)?
1
Suppose 3*g = 4*m - 66, 3*m + 2*g - 34 = 24. Let q(t) = -6 + 1 - 10*t + 0. Calculate the remainder when q(-4) is divided by m.
17
Let m(j) = j**2 - 5*j + 1. Let h be m(5). What is the remainder when (-1*29)/(-1)*h is divided by 6*((-22)/(-6) - 2)?
9
Let q = 2 - 4. Let i = 6 + q. Suppose -i*b = -0*b + 20, 4*d + 4*b - 120 = 0. Calculate the remainder when d is divided by 18.
17
Let k be 4/18 - (-86)/18. Suppose -2*d = w + 21, w + 3*w = k*d + 59. What is the remainder when 17 is divided by (-3)/2*(d - -5)?
8
Calculate the remainder when 1880/30 - (-6)/(-9) is divided by 16.
14
Suppose 2*t + 3*r - 3 = 0, 5*t - 3*r = 13 + 5. Suppose -p + 70 = 2*k + p, 3*k - t*p - 105 = 0. What is the remainder when k is divided by (-11)/22*36/(-1)?
17
Let b(l) = -3*l - 1. Let f(i) = i. Let y(v) = b(v) - 5*f(v). What is the remainder when y(-4) is divided by 17?
14
Suppose -2*w + 77 = 11. What is the remainder when w is divided by 9?
6
Suppose -w - 3*w - 12 = 2*r, 7 = -2*r + w. Let j be 2/(-3) + r/(-6). Suppose j = -0*s - 5*s + 110. Calculate the remainder when s is divided by 6.
4
Suppose 6*x = 11*x + 205. Let v = x + 58. Calculate the remainder when 50 is divided by v.
16
Let y = 0 + 2. Let s = -113 - -122. Suppose -l + s = y*l. Calculate the remainder when l is divided by 2.
1
Suppose 4*g - 142 = 86. What is the remainder when g is divided by 15?
12
Let u = -18 - -25. Suppose u*g = 2*g + 100. What is the remainder when 58 is divided by g?
18
Suppose 236 = 3*w - 160. What is the remainder when (w/(-8) - 2)*-2 is divided by 10?
7
Let q(k) = -k**2 - 6*k + 4. Let d be (5/3)/((-12)/(-396)). Suppose 5*y - d = -3*u, -5*u + u - y + 62 = 0. Calculate the remainder when u is divided by q(-5).
6
Suppose 4*y - 2 = 5*y. Let n = y + 16. What is the remainder when 27 is divided by n?
13
Let h(x) = 18*x - 1. Let y be h(2). Suppose -3*u + 8*u = -2*i + y, 4*i - 88 = -4*u. What is the remainder when i is divided by 14?
11
Suppose f + 15 = 4*f. Calculate the remainder when 12 is divided by f.
2
Suppose 2*q = c + 5, -3*q + 6 = 5*c - 8. Suppose -4*h - q*y + 104 = 0, 3*h - 72 = 2*y + 6. Calculate the remainder when h is divided by 7.
5
Suppose -3*o + 10 = -o + 3*r, -6 = 2*o - 5*r. Let k = o + 10. Suppose 5*n - k = -h + 28, -5*n + 4*h + 40 = 0. What is the remainder when n is divided by 5?
3
Suppose 4*w - 296 = -4*m, -5*w = -3*m - 114 - 232. Calculate the remainder when w is divided by 24.
23
Calculate the remainder when 39 is divided by 3 + 9 + -2 + 0.
9
Let m(o) = -2*o + 6. Let c be m(5). Let h be (-4)/(-8) + 2/c. Suppose -n = -3*t + 4*t - 13, h = t + 4*n - 13. Calculate the remainder when 37 is divided by t.
11
Let h = 18 - 20. Calculate the remainder when 66 is divided by ((-272)/24)/(h/3).
15
Suppose -2*h + 3*t - 9 = 0, 4*h + 1 = 5*t - 14. Let y = 11 - h. Suppose 6*j = j + 155. What is the remainder when j is divided by y?
9
Let g = -8 - -12. Suppose 2*s + s - g*d - 124 = 0, 0 = 2*s + 4*d - 76. Suppose 2*p + 3*p = 70. Calculate the remainder when s is divided by p.
12
Suppose -5*c - 3*b + 3 = 0, 4 = 2*b - 3*b. Let l(x) = -x**2 + 2*x - 2. Let g be l(4). Let q = -8 - g. Calculate the remainder when c is divided by q.
1
Suppose 5*a - 3*q - 28 = 0, 3*q - 11 = -3*a + 25. Suppose 3*t - 1 - 2 = 0. What is the remainder when -1*(2 - t) + 15 is divided by a?
6
Suppose z - 108 = -3*z. What is the remainder when z is divided by 16?
11
Let c(t) = 2*t - 24. Let k(q) = -q + 25. Let a(n) = -4*c(n) - 5*k(n). Calculate the remainder when 10 is divided by a(-12).
3
Let h = -2 - -5. Let x be h + (-3)/(-3 - -6). Suppose 0*z + x*z + l - 16 = 0, l = 2*z - 12. What is the remainder when 12 is divided by z?
5
Suppose 6*i = i + 155. What is the remainder when i is divided by 21?
10
Let g be (-2 - -4)*26/(-4). Let c = 15 + g. What is the remainder when 2 is divided by c?
0
Let o(s) = s**2 - 8*s - 2. Calculate the remainder when o(9) is divided by 7 + -2 - (2 - 1).
3
Suppose -13 = -3*g + 80. What is the remainder when 120 is divided by g?
27
Suppose -3*j = -0*j - 207. What is the remainder when j is divided by 35?
34
Let a = 15 - 9. What is the remainder when 20 is divided by a?
2
Suppose -l = -0*l - 5. Suppose 8 + 82 = l*f. Calculate the remainder when f is divided by 5.
3
Suppose -u + 4*a + a = -12, -a = 2. Suppose -g - 17 = -2*f - 0*g, -u*g = -2. What is the remainder when 16 is divided by f?
7
Let n(m) = m**2 - 10*m + 9. Let i be n(8). Calculate the remainder when 42 is divided by (-78)/i + 5/(-35).
9
Let x be (1 - -6 - 2)/1. Suppose -7*l = -x*l - 4. Suppose 0 = f - 6*f + l*a + 20, 4*f - a = 19. What is the remainder when 15 is divided by f?
3
Suppose -s + 21 = 4*v, 3*v + 3 = 4*v + s. Calculate the remainder when 24 - (-2 - -6 - 1) is divided by v.
3
Let s(i) = i**2 + 3*i + 2. Let o be s(-4). Let v = o - 6. Suppose r + 41 = 3*d - v*r, d + 2*r - 9 = 0. Calculate the remainder when 36 is divided by d.
10
Suppose 1 = 2*i + 7, -4*i = 5*u - 43. Calculate the remainder when 1/2*(2 - -56) is divided by u.
7
Suppose -4*g + 4*v + 5 = v, 0 = -3*g + 2*v + 3. Let i(l) = 3*l**2 - 1. What is the remainder when 4 is divided by i(g)?
0
Let n(f) = f**2 + 4*f - 4. What is the remainder when 270 is divided by n(-7)?
15
Let a = -9 + 36. What is the remainder when 51 is divided by a?
24
Calculate the remainder when (0 - -2) + (55 - 3) is divided by 11.
10
Suppose -5*p - 1 + 11 = 0. What is the remainder when 41 is divided by p/(-9) + (-600)/(-27)?
19
Let j = 211 + -14. Let z = 351 - j. Suppose l + 2*l = 4*p + z, 5*p = -2*l + 72. Calculate the remainder when l is divided by 16.
14
Let s(f) = -f + 5. Let d be s(-6). Let c be (-13)/(-5) - 8/(-20). Suppose c*p - 4*p = -d. What is the remainder when 21 is divided by p?
10
Calculate the remainder when 33 is divided by (-64)/(-5) + (-1)/(-5).
7
Let m(c) be the third derivative of 5*c**4/12 - 2*c**3/3 - c**2. Calculate the remainder when m(5) is divided by 12.
10
Suppose 13*t + 10*t = 5957. Calculate the remainder when t is divided by 29.
27
Let m = -29 - -50. Suppose 0 = -j - y - 0*y + m, 4*y + 48 = 2*j. What is the remainder when 41 is divided by j?
19
Let m(w) = -47*w**3 + w**2 + 3*w + 1. What is the remainder when m(-1) is divided by 17?
12
Let v be (2 + 1)*(-2 + 56). Suppose -3*m = -v + 42. Calculate the remainder when m is divided by 0/(-1 + -1) + 14.
12
Suppose 3*z - 2*i - 23 = 0, -3*i = -z - i + 13. Let r = 29 - 16. What is the remainder when r is divided by z?
3
Suppose 0*d = 3*d - 156. Let l(y) = y**2 + y - 2. Let c(b) = 3*b + 4. Let s be c(-3). Calculate the remainder when d is divided by l(s).
16
Let c(f) = -51*f - 1. Let l = -33 - -50. What is the remainder when c(-1) is divided by l?
16
Suppose 4*d + t = -0*t + 35, t - 3 = 0. Let f(v) = v**3 + v**2 + 3. Calculate the remainder when d is divided by f(0).
2
Suppose 4*c - 204 = 4*h, 102 = 2*c + h - 2*h. Suppose 4*n - k + 11 = -28, -k = 5*n + c. What is the remainder when 3 is divided by (-3 + n/(-3))*3?
0
Let t(a) = 2*a - 1. What is the remainder when 17 is divided by t(5)?
8
Suppose 19 = -2*q + 163. Suppose q = 2*g + 2*s